uppose 0*h + h - m = 9, 5*h - m = 29. Let u be 14*2 + 2*-1. Suppose 2*v + h*t - u = 12, 4*t = 3*v - 11. What are the prime factors of v?
3
Let j(u) = -u - 5. Let a be j(-8). Suppose 7 = a*z + 1. Suppose -7*l + 3*l + 44 = -z*v, -v = -5*l + 58. What are the prime factors of l?
2, 3
What are the prime factors of (-4)/(-3) - (-2261)/42*8?
2, 3
Let u be (-2)/7 - 51/(-7). Suppose 2*h = 4*p + 2, -u*h + 2*h = 4*p - 19. Let w(f) = 2*f**2 - 3*f - 1. List the prime factors of w(h).
2
Suppose 2*c - 2*a = -0*c + 30, -4*a = -c + 27. Suppose c = 4*l - 17. What are the prime factors of l?
7
Let j(x) be the first derivative of 2*x + 1/2*x**2 - 3. List the prime factors of j(6).
2
Suppose 2 + 2 = -v, -3*m - v + 2 = 0. Suppose o + m = 4. List the prime factors of o.
2
Suppose -3*l = -8*l - 260. List the prime factors of (-4)/(-12) + l/(-6).
3
List the prime factors of (-8 - -7)*402/(-2).
3, 67
Let y(l) = -l + 6. Let r be y(0). Suppose -n = r*u - 4*u - 101, 0 = 5*u + n - 251. List the prime factors of u.
2, 5
Let f be (-5 + 3 - -2)*1. Suppose f = 3*t - 18 - 33. What are the prime factors of t?
17
Let p = 3 - -7. Suppose 3*g - p = -4. Suppose -g*t + 3*t = 5. What are the prime factors of t?
5
Let h = -16 + 25. Let j = h - 5. List the prime factors of j.
2
Let m = -126 + 227. List the prime factors of m.
101
Let w = 56 - 31. What are the prime factors of w?
5
Let j(z) = z**3 + 7*z**2 - 4. Let i be j(-7). What are the prime factors of (i/8)/((-2)/64)?
2
What are the prime factors of (-5)/((-25)/(-15))*-6?
2, 3
Suppose 28 = 4*c - 20. List the prime factors of c.
2, 3
Let c be ((-8)/(-6))/(4/6). Suppose -5*g = -c - 3. List the prime factors of (1 - 0)/(g/6).
2, 3
Let l(n) = -n**2 - 16*n - 9. What are the prime factors of l(-15)?
2, 3
Let j(f) = f**3 + 3*f**2 + 6*f + 5. Let i be j(-4). Let w be 4/10 - (-14)/i. Suppose w = s + 5*v + 9, -v - 2*v = 3*s - 9. List the prime factors of s.
2, 3
Let b be (-1 - (-3 + 0)) + 1. Suppose -s - b = -10. What are the prime factors of s?
7
Suppose y = 33 - 8. What are the prime factors of y?
5
Let x = 19 - -10. Let f = x - 16. What are the prime factors of f?
13
Let c be (-2)/(-6) + (-59)/(-3). Suppose a - c = -3*a. List the prime factors of a.
5
Let d be 136/8*(1 - 2). Let j = d + 39. List the prime factors of j.
2, 11
Let r = 4 + -3. Suppose -l = t - r - 5, -5*t + 15 = 2*l. Suppose 4*f + 5*s - 13 = 0, -l*f = -2*s - s - 44. List the prime factors of f.
7
Let g(j) be the third derivative of 11*j**4/8 + j**3/6 - 6*j**2. List the prime factors of g(1).
2, 17
Suppose -3*m - 5*u + 20 = -2*m, 0 = m - 3*u + 4. Suppose m*r - 49 = 31. List the prime factors of r.
2
Let y be (-32)/6*(-15)/10. Suppose -y*o + 5*o = -54. List the prime factors of o.
2, 3
Suppose 3*x - 2*x = -11. Let z(p) = -p - 6. List the prime factors of z(x).
5
Suppose 514 = 5*j + 2*s, -13 = j + 3*s - 108. List the prime factors of j.
2, 13
Suppose -209 = -2*k + 2*h - 3*h, -k - 2*h = -100. List the prime factors of k.
2, 53
Suppose 2*c + 0*s + s - 184 = 0, -2*c + 3*s = -192. List the prime factors of c.
3, 31
Suppose 0*r = -2*r + 8. Suppose -3*h = -r*h + 16. What are the prime factors of h?
2
Let s(l) = l**3 + 7*l**2 + 5*l - 7. Suppose -2*b - 12 = -2. Let j be s(b). Let g = j - 9. What are the prime factors of g?
3
Let g(h) = 5*h - 8. Let t(n) = 4*n - 7. Let q(a) = -6*g(a) + 7*t(a). Let l be q(-3). Suppose l*m = 32 + 18. List the prime factors of m.
2, 5
Let v be (-4)/(-8) - 22/(-4). Let i be v/4*-3*2. What are the prime factors of ((-6)/i)/((-3)/(-9))?
2
Suppose -4*m + 5*d = -29, 2*m + 0*d - 7 = -5*d. Suppose 16 = m*f - 4*f. Suppose -5*y = -f - 37. What are the prime factors of y?
3
Suppose 3*s = -6*b + 2*b + 412, 0 = 3*s. What are the prime factors of b?
103
Suppose -3*z + 2*z = -5. List the prime factors of z.
5
Let r(c) = -3*c - 2. Let m be r(2). Suppose 3*u + 2*u - 70 = 0. Let g = m + u. List the prime factors of g.
2, 3
Let m(i) = i**3 - i**2. Let b be m(0). Suppose -7 = -b*f - f. List the prime factors of f.
7
Suppose -3*c - 60 = -4*u + c, 2*u - 50 = -2*c. Suppose -5 = 5*g - u. What are the prime factors of g?
3
Suppose 14 = 4*m - 2*f, -5*f + 0*f = -4*m + 17. What are the prime factors of m?
3
Suppose 5*n - 5 - 5 = 0, 3*x - 3*n - 18 = 0. Suppose -c = 5*y - x - 10, 36 = 2*c - 4*y. Suppose -2*i - c = -4*v, 2*v + 6 = -i + 25. List the prime factors of v.
7
Suppose -8*z - 9 + 593 = 0. List the prime factors of z.
73
Let f(t) = -1. Let c(y) be the third derivative of 5*y**4/24 + 5*y**3/6 - 2*y**2. Let v(g) = c(g) + 5*f(g). What are the prime factors of v(2)?
2, 5
Suppose -26 - 33 = -g. What are the prime factors of g?
59
Let l(h) = 28*h + 3. What are the prime factors of l(4)?
5, 23
Suppose 2*p = w - 8, -14 = -2*w + 2*p + p. List the prime factors of w.
2
Let d(w) = -w**3 - 9*w**2 + 8*w - 7. List the prime factors of d(-10).
13
Suppose -5*x - 113 = -m, -x + 97 = m + 2*x. What are the prime factors of m?
103
Let u be (0 + -44)*(-8)/16. What are the prime factors of 142/4 + 33/u?
37
Let g = -1 - -2. Suppose l + 5*r = -0*l + 28, -r = -2*l + g. Let a = l - -11. List the prime factors of a.
2, 7
Suppose -5*r + 11 = -r + 3*i, r - 11 = 2*i. Suppose -b + r*b - 117 = -5*f, -81 = -4*f + b. List the prime factors of f.
3, 7
Suppose 0 = -5*p + 10*p - 210. Suppose p + 73 = 5*i. List the prime factors of i.
23
Suppose 12 = n - 2. Suppose -2*a + 4 = n. What are the prime factors of (4/a)/((-6)/45)?
2, 3
Suppose -3*b + b - 10 = 0. Let w = -2 - b. List the prime factors of w.
3
Let n(f) = f**3 + f**2 + 2*f + 37. What are the prime factors of n(0)?
37
Let u(d) = -d + 4. Let r(s) = -s**3 + s**2 - 1. Let h(i) = 6*i**3 - 7*i**2 - 2*i + 7. Let j(f) = -h(f) - 5*r(f). Let w be j(3). List the prime factors of u(w).
3
Let o(n) = -n**2 + 0*n**2 + n**2 - 10 - n**3 + 7*n**2 + 4*n. List the prime factors of o(7).
2, 3
Let p(b) = b**2 - 6*b - 3. Let t be p(6). Let f = t + 18. What are the prime factors of f?
3, 5
Let a(l) = -2*l - 5. Let p be a(-4). Let o(k) = 2*k**3 - 3*k**2 - 3. List the prime factors of o(p).
2, 3
Let r be (10 + -3)/(0 - -1). Let d(j) = 3*j - 9. Let a be d(r). Suppose -3*o + 4*u = -14, a = -u + 4*u. What are the prime factors of o?
2, 5
Let a = 2 + -3. Let n be 2/(a - (-21)/15). Suppose -2*q + y = 3*q - 31, n*q - 51 = -4*y. List the prime factors of q.
7
Let z = 12 + -9. What are the prime factors of z?
3
Let r(j) = -j**2 + 5*j + 1. Let l be r(4). Let t = l + -1. What are the prime factors of -7*2*(-2)/t?
7
Let v be 4/14 + (-160)/(-28). Let d = v + -90. List the prime factors of (-6)/15 - d/10.
2
Suppose -3*v = 2*v - 25. Suppose k - v*n - 31 = -k, 3*n = 2*k - 25. List the prime factors of k.
2
Suppose -3*p - 4*r = 0, -2*r + 3*r = -2*p. Suppose p*o + 7 = o - 5*z, 0 = 5*o + z - 35. List the prime factors of o.
7
Suppose -2*b + 9 = -3. List the prime factors of b.
2, 3
Suppose 3*d + 6 = -3. What are the prime factors of (d - -6 - 4)*-5?
5
Let y(i) = 9*i + 179. List the prime factors of y(0).
179
Let s(z) = -1. Let v(w) = -3*w - 1. Let c(h) = -h. Let i(f) = -5*c(f) + 3*v(f). Let p(x) = i(x) - 2*s(x). List the prime factors of p(-2).
7
Let l = -13 + 16. Suppose -4*q - z = -19, -5*q - l*z + 5 + 10 = 0. What are the prime factors of q?
2, 3
Suppose 3 = j - 2. Suppose j = 4*c - 35. What are the prime factors of c?
2, 5
Let v(f) = -f**3 + f**2 - 4*f - 8. List the prime factors of v(-4).
2, 11
Let k(w) = 5*w**2 + w - 1. Let t = 0 - -1. Let q be k(t). Suppose -3*h + 8 + 21 = -2*v, -12 = -2*h + q*v. List the prime factors of h.
11
Let a(g) = -g**3 - 2*g**2 + 2*g - 1. Let s be a(-3). Let w = s + -1. What are the prime factors of 30/9 - w/3?
3
Let i(b) = b**2 + b + 2. Let w be i(0). Suppose w*t = 4*t + 2. List the prime factors of 4/(12/9) - t.
2
Suppose 5*s = -2*k - 0*k + 52, -3*k - 4*s + 85 = 0. What are the prime factors of k?
31
Let q(j) = -j**2 + 10*j + 2. Suppose 54 = -5*m - 36. Let a = m + 27. What are the prime factors of q(a)?
11
Suppose 127 = 2*q + 2*q + 3*k, q + 5*k - 36 = 0. List the prime factors of q.
31
Let z(g) = -3*g**2 + g + 0*g + 0*g**2 + 4*g**2 + 1. List the prime factors of z(-2).
3
Let t = 8 + -3. Suppose 2*f - x - 2 = 8, x + 22 = t*f. List the prime factors of (-4)/(f/(-9)) + -2.
7
Let k(m) = -m. Let a(i) = -4. Let t(l) = a(l) + k(l). What are the prime factors of t(-10)?
